35)/(-15))*v. Let i(n) be the second derivative of -n**5/20 + n**4/4 + n**3/6 + 2*n**2 - n. Calculate i(l).
7
Let m(j) = j**3 + 12*j**2 + 10*j - 6. Let g(a) = 2*a**3 + 25*a**2 + 21*a - 10. Let s(w) = -3*g(w) + 7*m(w). Give s(-8).
-4
Let f(o) be the third derivative of -o**4/8 + 25*o**3/6 - 16*o**2. Let p be f(10). Let x(r) = -r**3 - 5*r**2 + r. What is x(p)?
-5
Let j(p) = -p**2 - 14*p + 5. Let f(b) = b**2 + 13*b - 5. Let r(m) = -4*f(m) - 3*j(m). Give r(-11).
-6
Suppose 2*r - 39 = -5*l, 2*r - 7*r + l + 30 = 0. Let j(z) = -z + 2. What is j(r)?
-5
Let b(s) be the first derivative of 1/2*s**2 + 1/3*s**3 + 14 + 0*s - 5/4*s**4. Calculate b(-1).
5
Let x(s) = s**2 + 19*s - 10. Let l = 869 + -888. Calculate x(l).
-10
Let t(m) be the first derivative of -2*m**2 - 22*m - 136. Calculate t(-6).
2
Let t be (-3)/(1*4/(-20)). Let b(a) = -2*a + 27. Give b(t).
-3
Let z(v) = v**3 + 7*v**2 + 3*v + 6. Suppose 3*k = -32 + 20. Determine z(k).
42
Let w(h) = -9*h + 6. Let n be w(-2). Suppose -15*u + n = -7*u. Let v be (4/u)/(3/9). Let g(d) = d**3 - 3*d**2 - 5*d - 3. What is g(v)?
-7
Suppose -4*v + 2*v = 44. Let u = -22 - v. Let m(i) = -i**2 + i + 1. Determine m(u).
1
Let a(i) = -i**2 + 8*i + 9. Let z be a(9). Suppose 2*d = 6 - z. Let x(u) = 3*u - d*u + u - 1 - 6*u. Calculate x(-1).
4
Let x(n) = n**2 + 3*n - 3. Let k be x(-11). Let b = k - 84. Let l(v) = 12*v**2 - 3. Let g(j) = -13*j**2 + j + 4. Let i(r) = -2*g(r) - 3*l(r). Give i(b).
-11
Let j be 261/(-27) + 10 - (-68)/3. Let h(w) = -w**2 + 21*w + 49. Give h(j).
3
Let b(l) be the third derivative of -l**6/120 - 7*l**5/60 + l**4/24 - l**3/3 + 167*l**2 + 2*l. Calculate b(-7).
-9
Let r(f) = 16*f**2 - 77*f - 19. Let l(y) = -6*y**2 + 26*y + 6. Let m(s) = 11*l(s) + 4*r(s). Give m(-10).
10
Let z(p) be the first derivative of p**6/360 - p**5/30 - p**4/6 + 14*p**3/3 - 7. Let t(s) be the third derivative of z(s). Determine t(5).
1
Let f(i) = -2*i + 10. Let s(b) = b - 11. Let a(m) = -2*m - 6. Let k be a(-2). Let x(t) = k*f(t) - 3*s(t). Give x(-9).
4
Let v(j) = -j. Let o(d) = d + 2. Suppose 11 = 3*t + 17. Let r(u) = t*v(u) - o(u). Calculate r(3).
1
Let o(s) = s**3 - 6*s**2 - s + 6. Suppose 7 = 6*k + 241. Let m = k - -45. Give o(m).
0
Let o(u) = 4*u**2 - 3*u - 15. Let z(h) = -4*h**2 + 2*h + 12. Let k(j) = -5*o(j) - 6*z(j). Give k(-2).
13
Let w be ((-7)/(-28)*-4)/((-1)/4). Let s(v) be the third derivative of 0*v + 4*v**2 + 1/24*v**w + 0 - 11/6*v**3. Give s(8).
-3
Let j(o) = 2*o**2 - 2*o + 2. Let u = 38 + -35. Suppose -q + u*a = 2*q - 24, -5*a = 4*q + 13. Give j(q).
14
Let c(f) = f - 1. Suppose -17*a + 91 + 11 = 0. Give c(a).
5
Suppose 0*i + 40 = 4*i. Suppose i = -11*t - 67. Let h(m) = -m**2 - 6*m - 8. Calculate h(t).
-15
Let s(q) = q. Let u be 61/8 - (-4)/128*12. Give s(u).
8
Let y(f) = -112*f - 1 + 56*f + 50*f. What is y(3)?
-19
Let x(r) = -5*r + 17 - 9*r - 39 + 13*r + 16. Give x(-9).
3
Let f = 623 + -606. Let z(k) = -k**2 + 15*k + 36. Calculate z(f).
2
Suppose 0 = p - a + 10, -4*p - 12 = 2*a + 4. Let u(m) = m**3 + 8*m**2 + 8*m - 6. Determine u(p).
18
Let q(w) = -3 - 6*w + w**3 + 15 + 8*w**2 + 0. Let k(l) = 3*l**3 - 21*l**2 + 6*l - 51. Let o be k(7). Give q(o).
-15
Let l(x) = -3*x**2 + x - 1. Let d be l(1). Suppose 4*r = f - 18, -2 = -4*f - 3*r - 6. Let s(w) = -6 + 19*w + 2 - 2*w**f - 18*w - w**3. Calculate s(d).
2
Let f be 4/(-30) - (-28)/(-15) - 4. Let o(t) = t**3 + 5*t**2 - 7*t - 5. Determine o(f).
1
Let j(w) = -w**2 + 5 - 4*w**2 - w + w**3 + 0*w. Let i(a) = -a**3 - 12*a**2 + 14*a + 18. Let l be i(-13). Give j(l).
0
Let r(p) be the third derivative of 0*p + 0 - 1/6*p**3 + 14*p**2 - 1/15*p**5 + 0*p**4. Calculate r(1).
-5
Let k(i) be the second derivative of -i**3/6 + 4*i**2 - 182*i - 1. Give k(11).
-3
Let j(i) = -5*i**2 - 22*i - 4. Let d be j(-4). Let y(k) = k**3 - 3*k**2 - k - 8. Determine y(d).
4
Let w(h) = -h**2 - 10*h - 5. Let v be w(-10). Let x(m) = -m**2 - 5*m + 10. What is x(v)?
10
Suppose 2*d + 0*d = 14. Let c(b) = 9*b - 11*b + 3*b**2 - 7*b - 2*b**2 + 10. Determine c(d).
-4
Let z(k) = k**2 + 10*k - 21. Let x be z(-12). Suppose 3*w - x - 15 = 0. Let u(a) = a**3 - 7*a**2 + 6*a - 6. Calculate u(w).
-6
Let s(h) = -h**3 - 4*h**2 + 7*h + 20. Let d be s(-5). Let q be 1 - d/4 - 416/(-64). Let f(t) = -t**3 + 4*t**2 + 3*t + 5. What is f(q)?
-5
Let c be (2 - 0)/((-8)/12). Let o(b) = 8*b + 2. Determine o(c).
-22
Let h(j) be the third derivative of -j**8/20160 - j**7/1008 + j**5/6 + 10*j**2. Let b(x) be the third derivative of h(x). Determine b(-3).
6
Suppose 5*x + 6*a = 11, 4*x - 3*a = x. Let o(b) = -45*b**2 + b. Calculate o(x).
-44
Let s(m) = 7*m + 6. Let z(c) = -4*c - 7. Let u(h) = -2*s(h) - 3*z(h). Determine u(6).
-3
Suppose 0 = 6*d + 3*d - 18. Suppose -d*r + 2 - 10 = 0. Let t(x) = -x**3 - 5*x**2 - 5*x. Give t(r).
4
Let t(n) = -13*n**3 - 2*n + 2. Let s be t(1). Let v(i) = -i**3 - 13*i**2 - i - 7. What is v(s)?
6
Let i(o) = 51*o**2 - 4*o + 13. Let t be i(7). Suppose t - 6924 = -6*q. Let p(b) = 0*b - q + 743 - b. Calculate p(-3).
6
Let z(k) = k**2 - 3*k + 4. Let t = 5 - 0. Suppose a - 39 = -5*f + f, -101 = -4*a - t*f. Suppose -2*l = 5*r - 31, l + 2*r - a = -2*l. Give z(l).
4
Suppose 2*r - 5*i = -19, -4*r - 21 - 10 = -3*i. Let n(z) = -z**2 - 3*z + 7. Calculate n(r).
-21
Let l(z) be the second derivative of z**5/60 + z**4/6 - z**3/3 + 18*z**2 - 15*z. Let o(v) be the first derivative of l(v). What is o(-5)?
3
Let n(g) = -g**2 + 7*g. Let h be n(3). Suppose -h = 3*j - 5*m + 6*m, j + 4 = m. Let b(y) = y**3 + 4*y**2 - 5*y - 6. Calculate b(j).
14
Let n = -16 - -16. Let k be n - (-3 + (-8)/(-4)). Let m(r) = r**2 - r + 1. Calculate m(k).
1
Let i(x) = 10*x - 1. Let o(h) = h - 1. Let a(c) = i(c) - 2*o(c). Suppose 2*k + 2*m - 15 + 3 = 0, -2*k + 5*m = -5. Suppose k*y + 2 + 3 = 0. Give a(y).
-7
Let y be (75/60)/(10/4). Let v(u) be the first derivative of y*u**2 - 1 - 11*u. Give v(6).
-5
Let q(b) be the second derivative of -b**4/6 + 9*b**3/2 - 8*b**2 - 34*b. What is q(13)?
-3
Let n(y) = 5*y**2 + 7*y + 1. Let d(u) = 12*u**2 + 15*u + 3. Let g(p) = 2*d(p) - 5*n(p). Let j = -3 - 1. Determine g(j).
5
Let h(s) = -s**2 - 7*s - 2. Let i be h(-6). Let w(j) = -j**2 + 2*j + 3. What is w(i)?
-5
Let r be 204/60 - (-4)/(-10). Let t be (-6)/(-4) - 13/(-2). Let l(q) = t*q - 14 + 11 + 5*q**2 - 2*q**r + q**3 - 2*q. Give l(6).
-3
Let o(z) = -z**3 + 2*z**2. Let a(d) = -d**3 + 26*d**2 - 49*d + 26. Let r be a(24). Give o(r).
0
Let g(o) be the first derivative of -11 + 4*o**2 + 3*o + 0 - 3*o**2. What is g(-5)?
-7
Let a = 60 - 65. Let d(z) = 3*z**2 + 2*z + 3. Let l(h) = -2*h**2 - h - 2. Let s(y) = a*l(y) - 3*d(y). Give s(3).
7
Let b = -1137 - -1140. Let u(s) = -3 - 1 + s + 3. Calculate u(b).
2
Let s(u) = 4 + 0 - 2 - u**2 + 3*u. Suppose 75 = 11*r + 4*r. Determine s(r).
-8
Let o(g) be the first derivative of g**2 + 26*g + 53. Give o(-14).
-2
Suppose 2*q = -5*i + 3*i + 18, 0 = -2*i - 3*q + 18. Let o(f) = 2*f - 27. Give o(i).
-9
Let n(z) = 3*z - 5. Suppose 4*w + 203 = -3*w. Let b = -25 - w. Give n(b).
7
Let m be (5/25*0)/3. Let w(g) = -1 + m*g + 8 - g. Give w(-7).
14
Let c(r) be the third derivative of -r**4/12 - r**3 + 24*r**2. Suppose 4*d - 9 = -1, -4*d = 2*n - 8. Let i be c(n). Let f(g) = g**2 + 6*g - 4. Give f(i).
-4
Let v(z) = -8*z**2 + 13*z + 3. Let g(o) = 4*o**2 - 5*o - 1. Let b(i) = -5*g(i) - 2*v(i). Calculate b(1).
-6
Suppose -t = -t + 4*t. Let l(z) = 2*z - 5. Let g(p) = -p + 3. Let a be g(6). Let u(v) = v - 4. Let r(i) = a*u(i) + 2*l(i). Calculate r(t).
2
Let s = 113 + -105. Let n(i) = -s - i**3 + 4 + 32*i**2 - 36*i**2 + 4*i. Give n(-5).
1
Let q(y) = -y - y**3 - 3*y**2 + 2*y**2 + 5 + 2. Suppose -f = -2*f - 6*f. What is q(f)?
7
Let j(b) = -438 - 435 + 864 - b. What is j(0)?
-9
Let t(g) be the second derivative of g**5/20 + g**4/4 - 7*g**3/6 - g**2 + 3*g. Let j be (-27)/108*(20 + 0). Calculate t(j).
-17
Let m(p) be the first derivative of -7*p - 1/2*p**3 - 1/20*p**5 + 1/3*p**4 + 3/2*p**2 + 6. Let v(z) be the first derivative of m(z). Determine v(3).
3
Suppose -119 = 16*c - 151. Let n(m) = m**3 - 6*m**2 + m + 4. Calculate n(c).
-10
Let u(c) be the first derivative of c**4/4 + 5*c**3/3 + 3*c**2/2 - 2*c - 3. Suppose 0 = 6*m + 64 - 46. Determine u(m).
7
Let b = 87 + -69. Let g = -28 + b. Let x(a) = -a - 7. Determine x(g).
3
Let t = 12 + 0. Let c be (-1)/(-4) - (-57